).
0
Let h(n) = -6*n**2 + 2*n**3 + 2*n**2 - n**3 - n + 4. Suppose 0 = -5*r - 3*y + 14, -7*r - 5*y = -2*r - 10. Calculate h(r).
0
Let u(z) = 6*z**2 - 24 - 2*z - z - 2*z - z**3 + 31. Suppose 5*g - 4*h = 37, 0*g - 4*g + 5 = 5*h. Give u(g).
7
Let x(s) be the first derivative of 2*s**3/3 - 3*s**2/2 + s - 10. Let z(h) = -h + 7. Let i be z(5). Determine x(i).
3
Let p(y) = -y - 8. Let a(h) = -2*h - 15. Let j(m) = 4*a(m) - 7*p(m). What is j(-5)?
1
Let n = 3 - 4. Let u be (n + -1 + 2)*1. Let m(v) = -v + 4. Give m(u).
4
Let b = -3 - -7. Let x(n) = -b*n - 6 - 2*n**2 + 4*n**2 - 3*n**2. Let g be 22/(-6) + 1/(-3). What is x(g)?
-6
Let f(l) = -l**2 - 3*l - 3. Suppose -3*q + 5*s = -13, -4*s - 30 = q - 6. What is f(q)?
-7
Let v(t) be the first derivative of -t**4/4 - 5*t**3/3 + 5*t**2/2 - 5*t - 2. Let s be ((-12)/10)/(2/10). Calculate v(s).
1
Let z(l) = 4*l - 2. Let g = 1 + 1. Suppose 0*v - 4 = -g*v. Give z(v).
6
Let x(f) be the third derivative of 3*f**6/40 + f**5/60 + f**4/24 - 10*f**2. Suppose 17 + 3 = 5*p. Suppose p*h + 4*g = -0*g - 24, g = 4*h - 1. Calculate x(h).
-9
Let f(h) = -8*h + 3*h**3 - 2*h**3 + 7*h. Let m be (-2)/(-4) + 1/2. Calculate f(m).
0
Let n be (-4)/(-6) + 30/9. Let q(a) = 3 - 5*a + 0 - a**2 - 2*a - n. Determine q(-6).
5
Let v(m) = -4*m**2 + 3*m + 11. Let c(q) = -3*q**2 + 2*q + 11. Let y(n) = -3*c(n) + 2*v(n). What is y(0)?
-11
Let x(n) = -n**2 - 8*n - 6. Let q be x(-7). Suppose 0 = -h - q - 1. Let t(l) = -l. Let w(a) = -6*a - 3. Let c(f) = -3*t(f) + w(f). Give c(h).
3
Let m(i) = -i**3 - 5*i**2 + 5*i - 5. Let r be m(-6). Let h(u) = r + u**3 + 0*u**3 + 5*u - 6*u**2 + 11*u**2. Give h(-4).
-3
Let c(y) = 0*y - y + 111 - 120. Give c(0).
-9
Let t(r) be the first derivative of -r**3/3 + 3*r**2 - 3*r + 1. Suppose 2*g - 20 = -2*m, g + 0*m - 4*m = -10. What is t(g)?
-3
Let s(i) = -25*i + 0 + 41*i - 23*i + 1 + i**2. Give s(3).
-11
Suppose -3*s + s = -10. Let f(v) = -10*v + 6. Let n(o) = -2*o + 1. Let a(p) = -3*f(p) + 14*n(p). Give a(s).
6
Suppose 2*c - 3*u - 51 = -2*c, 0 = -2*c - 3*u + 3. Let h = 3 - c. Let a(f) = 0*f + f + f**3 + 5*f**2 + 0 + 8 - 6*f. Give a(h).
2
Let h(s) be the first derivative of -s**4/4 - 5*s**3/3 + 7*s**2/2 + 4*s + 20. Calculate h(-6).
-2
Let u(q) be the second derivative of q**3/2 + 10*q. Determine u(2).
6
Let y(t) = 7*t + 13. Let q(l) = 3*l + 6. Let a(d) = 9*q(d) - 4*y(d). Let s be ((0 - 1)*1)/((-3)/(-15)). Give a(s).
7
Let s(x) = -x**2 - 6*x. Let d(z) = 2*z - 3. Let l(i) = -3*i + 5. Let h(v) = -8*d(v) - 5*l(v). Let w(b) = 5*h(b) - s(b). Give w(0).
-5
Let n(p) = p + 4. Let j be (1 - 3 - -1)*3. Determine n(j).
1
Let a be (-7)/4 - 6/(-8). Let c = 6 - 4. Let s(r) = -3*r**2 - r**2 + r + 2*r**3 + 6*r**c. Give s(a).
-1
Let y = 6 - -1. Let g = y + -2. Let c(v) = v - 2. Determine c(g).
3
Let p(r) be the first derivative of -1/3*r**3 + 2 + 1/360*r**6 - 1/120*r**5 + 1/4*r**4 + 0*r + 0*r**2. Let n(v) be the third derivative of p(v). Determine n(0).
6
Let l(o) be the third derivative of 0 + 1/6*o**3 - 1/3*o**4 + 0*o - 4*o**2. Calculate l(-1).
9
Let i(h) be the third derivative of -h**5/60 - h**3/6 + h**2. Suppose 5*c - 7*c = 4*y - 4, -c + 2*y = 2. What is i(c)?
-1
Let h(v) = -2*v. Suppose 4 + 0 = -2*z, -3*z - 2 = 2*i. Give h(i).
-4
Let n(s) = 2*s**2 + s + 12. Let h(t) = -3*t**2 - t - 12. Let u(b) = 3*h(b) + 4*n(b). What is u(0)?
12
Let z(j) = -2*j**2 + 10*j - 12. Let n(c) = c**2 - 5*c + 6. Let l(r) = -9*n(r) - 4*z(r). What is l(4)?
-2
Let j(g) = -g - 1. Let u be j(-2). Let i = u - 3. Let k(p) = 2*p**2 + 2*p + 2. Calculate k(i).
6
Let t(i) = i**3 - 2*i**2 - 6*i + 6. Suppose -g - 2*g = -12, -3*g + 30 = 3*j. Let k be j/1 - (2 - 0). Give t(k).
14
Let f(s) = -2*s - 37. Let r(a) = a + 18. Let l(x) = 6*f(x) + 13*r(x). Determine l(0).
12
Suppose -12 - 12 = -4*z + 2*w, -2*z + 5*w = -28. Let s(b) = 5 - 4*b - z + b**2 + b**2 - b**2. Determine s(4).
1
Let h = -3 + 5. Let a = -2 + h. Let u(v) = -1 + v + a + v. Calculate u(2).
3
Suppose 22 = -2*p - c, 25 + 28 = -5*p - 2*c. Let u be p/(1/(-4)*6). Let n(v) = -5 - 7*v**2 + 4*v - v**3 + 2*v**3 + 2*v. Determine n(u).
-5
Let u = 17 + -23. Let k(d) = -d**2 - 7*d + 6. Give k(u).
12
Let q(d) = -16*d**2 + d. Let i(n) = -n**3 + 8*n**2 + 9*n - 1. Let u be i(9). What is q(u)?
-17
Suppose -v - 3*v + 20 = 0. Let c(a) = 4*a - 6. Let i(x) = -x - 1. Let h(u) = v*i(u) - c(u). Calculate h(-1).
10
Let z(r) = -2*r. Let x be (4/(-6))/2*-9. Let v be -2 + 3 + -3 + 1. Let b be 6/x*-1 + v. Determine z(b).
6
Let r(v) = -3 + 0*v - 2*v - v - v. Determine r(-2).
5
Let f(c) = c**3 + 9*c**2 - 10*c - 10. Let k(i) = -i**2 - 9*i - 10. Let l be k(-9). Give f(l).
-10
Let m(r) = -r**3 - 6*r**2 - 5*r - 5. Let y(x) be the first derivative of x**3/3 + 9*x**2/2 - 2*x + 4. Let q be y(-9). Let o be -6 - 3/6*q. Calculate m(o).
-5
Let d = -21/4 - -65/12. Let q(n) be the third derivative of 0*n - 2*n**2 - 1/20*n**5 + 0*n**4 - d*n**3 + 1/120*n**6 + 0. Calculate q(3).
-1
Let o(g) = 3*g - 6. Let k(j) = 6 + 3 + 4*j - 1 + j**2. Let w be k(-6). Suppose w = 4*n + n. Give o(n).
6
Suppose -4*n + 2 = 6. Let y(r) = 10*r**3 + 2*r**2 + 2*r + 1. What is y(n)?
-9
Let u be (-3)/2 - 42/(-12). Suppose -3 + u = -b. Let g(s) = -9*s**2 - s. Determine g(b).
-10
Let v(n) = -n**3 + 9*n**2 - 6*n - 10. Let u(y) = -2*y - 28. Let x be u(-18). What is v(x)?
6
Let n(a) = a - 1. Let c be (-49)/14 - (-3)/6. What is n(c)?
-4
Let o(p) = -p + 2. Let l(i) = -i + 3. Let r be l(0). Suppose d + 7 = -r*z - 0*z, 4*d + 4*z = -4. Suppose d*v - 4 = v. Give o(v).
-2
Let s = 23 + -16. Let k(t) = -t + 3*t - s - t + 0*t. Determine k(6).
-1
Let s(m) be the first derivative of 5/6*m**3 + 1 + 1/12*m**4 - 5/2*m**2 - 2*m. Let r(p) be the first derivative of s(p). Calculate r(-5).
-5
Let m(n) = -n - 3. Let p(b) = -2*b - 7. Let i = -13 - -20. Let t(o) = i*m(o) - 3*p(o). Calculate t(3).
-3
Let x(m) = -m**2 - 6*m - 4. Suppose f = -3, 0 = -2*r - 0*f + 2*f - 4. Calculate x(r).
1
Suppose 9*u = 8*u + 5. Suppose 3*l = -2*v - l - 24, -v = u*l + 27. Let n(m) be the second derivative of m**3/6 + m**2/2 - m. Calculate n(v).
-1
Let s(o) be the second derivative of o**3/2 + 5*o**2/2 - 36*o. Calculate s(-7).
-16
Let f(b) be the second derivative of -3*b + 1/3*b**4 + 0 - 7/2*b**2 + 5/3*b**3. Let v(n) = 3*n**2 + 9*n - 7. Let l(o) = 4*f(o) - 5*v(o). Give l(5).
7
Let f(k) = -k**2 + 1. Let m(s) = s**2 - 7*s - 12. Let u(g) = -2*f(g) - m(g). Calculate u(-7).
10
Let l(p) be the first derivative of -p**3 - p - 3 - 1/4*p**4 + p**2. Determine l(-4).
7
Suppose -10 = 3*g + 2. Let c(n) be the second derivative of 5*n**4/6 + n**3/3 + 5*n**2 + n. Let f(b) = 3*b**2 + b + 3. Let h(j) = 2*c(j) - 7*f(j). What is h(g)?
-5
Let p(o) = 14*o**3 + 15*o**2 - 20*o - 14. Let q(g) = -5*g**3 - 5*g**2 + 7*g + 5. Let c(h) = -6*p(h) - 17*q(h). Give c(5).
4
Let v(c) = -c**2 + 4*c + 1. Suppose f = 3*s - 26 - 13, 4*f + 206 = 2*s. Let m = -34 - f. Suppose -m = -5*a + a. What is v(a)?
-4
Suppose -2*s = 4*s - 6. Let k(m) = -3*m**3 - 6*m**2 + m - s + 8*m**2 + 3. Give k(2).
-12
Let b(o) be the first derivative of -2 + 4/3*o**3 + 0*o**2 + 1/120*o**5 - 1/3*o**4 + 0*o. Let k(r) be the third derivative of b(r). What is k(0)?
-8
Let g(s) = -s**2 - 11*s - 3. Let y be g(-11). Let u be (-9)/(-3)*(-1)/y. Let z(h) = 4*h + 1. Determine z(u).
5
Let w be -1*(-2 + 0)*1. Let j(c) = c - 1. Let h be j(w). Let p(u) = -2*u + 1. Let n(i) = 1. Let o(a) = -2*n(a) + p(a). Calculate o(h).
-3
Let p(o) = o + 2. Let y = 9 - 7. Calculate p(y).
4
Let u(c) = -79 + 158 + c**2 - c - 81. Determine u(-2).
4
Suppose 3*y + b + 5 = 6*y, 0 = 2*y - b - 5. Suppose y*v + 8 = v + 2*c, -5*v = -2*c - 28. Let x(n) = -n - v - 3*n + 2*n. What is x(-5)?
4
Suppose -5*f - 30 = 3*t, -4*t = f + 3 + 3. Let l(o) = -4*o - 3. Let m(r) = 5*r + 4. Let n(p) = f*l(p) - 5*m(p). What is n(-4)?
2
Suppose -4*f - 17 = -x, -22 + 4 = f - 3*x. Let w(j) = -j - j**2 - j**2 + 0 + 2 + 0. What is w(f)?
-13
Let b(l) be the second derivative of 0*l**3 + 1/4*l**4 + 0*l**2 + 0 + 1/720*l**6 + 1/120*l**5 + l. Let y(k) be the third derivative of b(k). Calculate y(0).
1
Suppose -3*m + 40 = 5*k, -2*m = -4*m - 2*k + 20. Let q(o) = o**3 - 6*o**2 + 5*o + 2. Calculate q(m).
2
Let p(j) = j**3 - 4*j**2 - 7*j + 6. Suppose 3*t + 2*t = 25. Give p(t).
-4
Let z(q) = 2*q**2 - 3*q + 2. Let v be z(2). Let x be 11/3 + v/(-6). Let i(s) = x + 2 - 9*s 